is the tens digit of z?
8
Suppose 2*j - 36 + 0 = 0. Let h be ((-6)/(-9))/(2/j). Let n(r) = r**3 - 6*r**2 + r + 1. What is the units digit of n(h)?
7
Let z(s) = s**2 + 7*s - 3. Let o be z(-6). What is the tens digit of o/(-6)*92/6?
2
What is the units digit of ((-1386)/(-210))/(1/20)?
2
Let j(s) = -13*s - 3. What is the tens digit of j(-6)?
7
Let d(x) = -x**3 + 4*x**2 - x - 2. Let k be d(3). Suppose -7*v + 3*q + 200 = -2*v, 2*v - 54 = -k*q. What is the units digit of v?
7
Let b(k) = k**3 - 4*k**2 + 4*k + 3. What is the tens digit of b(5)?
4
Suppose -4*a = -142 - 82. What is the units digit of a?
6
Let r(d) = 3*d**3 + 22*d**2 + 18*d - 47. Let h(u) = -2*u**3 - 15*u**2 - 12*u + 31. Let l(q) = -8*h(q) - 5*r(q). What is the tens digit of l(-9)?
1
Let j(s) = -31*s - 11. What is the tens digit of j(-4)?
1
Let l(z) = -z - 1. What is the units digit of l(-5)?
4
Let j = -24 - -84. What is the units digit of j?
0
Suppose -5*h + h + 2*a = 0, 10 = 3*h + a. What is the units digit of (-24)/14*(-7)/h?
6
Let c(b) = 2*b + 1. Suppose 2 + 1 = a. What is the units digit of c(a)?
7
Let i be 1 + 0 - (3 - 14). Suppose -2*l = 2*l - i, 2*a - 55 = -l. Suppose -a = -5*k - 0*m - m, -3*k = 4*m - 19. What is the units digit of k?
5
Let s be 4 + (-1 - 2) + 3. Suppose 13 = g - s. What is the units digit of g?
7
Suppose 2 = -5*p + 12. Suppose 0 = p*k - 47 + 13. What is the units digit of k?
7
What is the hundreds digit of 12730/50 - 4/(-10)?
2
Suppose 4*i = 5*s - 247, -4*i + 263 = -0*s + 5*s. Let u = -21 + s. What is the tens digit of u?
3
Let n(w) = -5*w**2 - 2*w - 3. Let d be n(-2). Let o = d - -32. Let p = o - 8. What is the units digit of p?
5
Let m(o) = 4*o + 2 - 4*o**2 + 0*o**3 - 6*o + 2*o**3 + 2. What is the units digit of m(3)?
6
Suppose 62 + 796 = 13*n. What is the units digit of n?
6
Suppose 0 = 5*h + 4*a - 3 - 7, h - 18 = -4*a. What is the units digit of (8/3)/(h/(-6))?
8
Let p be (-1554)/(-10) + 4/(-10). Suppose -5*l - 22 = 2*b - p, 0 = l - 3*b - 30. What is the tens digit of l?
2
Let r = 1 + 3. Suppose 5*d - 3*d - 20 = -f, 0 = -r*f - 8. What is the units digit of d?
1
Let w be (-532)/(-98) + (-8)/(-14). Suppose 0 = 3*c - 0*c - 6. What is the units digit of (-3)/w*c + 3?
2
Let f be (-7)/21 - (-11)/(-3). Let x be (-6)/((-6)/f*1). What is the units digit of (0 - 3) + (17 - x)?
8
Suppose 2 = 5*d + 7. What is the units digit of ((-6)/(-9))/(d/(-9))?
6
Let l = -1 - -6. Let t be 34 + (-8 - -4 - -7). Suppose t = 4*x - 4*y + y, 2*y - 52 = -l*x. What is the tens digit of x?
1
Let c = 21 - 30. Let s = c - -3. What is the tens digit of s/(-15) + 144/15?
1
Suppose 0 = 3*i - 34 - 41. Let m = -14 - 4. Let o = m + i. What is the units digit of o?
7
Let k(h) = -h - 3. Let i be k(-11). Let j = i + 20. What is the tens digit of j?
2
Suppose -9 = 4*l - 1. What is the tens digit of (-23)/l - 1/2?
1
Let f = -11 - -14. What is the units digit of f?
3
Suppose -2*s - 1 = -2*c - 3, s = 0. Let k be (c/(-3))/(4/468). Suppose 4*o = -f, 2*o = -3*f + 3*o + k. What is the tens digit of f?
1
Suppose z = 3 - 0, 0 = -w - 4*z + 12. Suppose 0 = -2*t + 4*i, w = -2*i - 0 + 4. Let m = t + 12. What is the units digit of m?
6
Let m = 29 - 15. What is the units digit of m?
4
Suppose 7*p + g = 2*p + 47, 4*p - 42 = -3*g. Suppose -3*z - a - 2*a = -p, -2*z - 4*a = 0. What is the units digit of z?
6
What is the units digit of -72*9/((-135)/10)?
8
Let u(i) = -3*i**2 - 9*i - 10. Let b be u(-8). What is the units digit of b/(-12) + 4/24?
1
Let n be 1/(2*(-3)/42). Let a(r) = -r - 4. Let z be a(n). Let i = 11 - z. What is the units digit of i?
8
What is the tens digit of 1688/18 - (-12)/54?
9
Let g = 0 - -5. Suppose 2*p - g + 0 = -3*f, -5*p - 4*f + 30 = 0. What is the tens digit of p?
1
Suppose -5*j + 8 = -j. Suppose -5*f + 0*f = -j*o, 0 = -3*f - o + 11. What is the units digit of f?
2
Suppose 22*r - 275 = 17*r. What is the tens digit of r?
5
Let z be 6/(-15) - (-107)/5. Suppose -r + 5 = -2*g, -r + 2*g = -2*r + z. What is the tens digit of r?
1
Suppose 77 = w + 22. Let s = w - 32. What is the tens digit of s?
2
Let p = -30 + 50. What is the tens digit of p?
2
Let v = 14 + -21. Let h(b) = -b**3 - 8*b**2 - 6*b + 8. What is the units digit of h(v)?
1
Let k(b) = -b**3 + 6*b**2 + 3*b - 4. What is the units digit of k(-4)?
4
Suppose 0 = 5*f + 5*x - 435, -3*f - 3*x = -4*x - 281. What is the tens digit of f?
9
Let v = 116 - 76. What is the tens digit of v?
4
Let g(w) = w - 8 - w**2 - 7*w + 6. What is the units digit of g(-5)?
3
Suppose q = 4*p + 3 + 5, 8 = -2*q - 4*p. Let m(u) = -2*u + 7. Let y be m(-6). Suppose q = 5*i + 5*z - 40, 0*i - 2*i = 5*z - y. What is the units digit of i?
7
Let g be 5 + 6/(-2) + 0. Suppose u - 2 = g. What is the units digit of u?
4
Suppose -5*k + 2*w + 370 = -3*w, -5*k + 2*w + 364 = 0. What is the tens digit of k?
7
Suppose -5*w + 5 = -5*a, 3*a + 3 = -0*w - w. Let v be ((-1)/a)/(1/4). Suppose v*m - 39 = 13. What is the tens digit of m?
1
What is the units digit of (-3)/(((-10)/(-100))/((-1)/2))?
5
Suppose 0 = -z + 2*x - 3*x + 35, z - 2*x = 50. What is the tens digit of z?
4
Let n = 3 + 1. Let p = n - 2. What is the units digit of ((-1)/p)/(1/(-14))?
7
Let t = -22 - -58. Let c = 53 - t. What is the units digit of c?
7
Suppose x + 7*x = 464. What is the units digit of x?
8
Let c = 103 + -61. What is the tens digit of c?
4
Let p be (-224)/(-36) - 2/9. Suppose 5*y - 19 - p = 0. Suppose -y*h - 2 = a, 0*a = -3*a + 3*h + 84. What is the tens digit of a?
2
Let s(g) = -g**2 + 21*g + 17. What is the units digit of s(15)?
7
Let g(y) = y + 17. Let r be g(-7). Let d = r + -2. What is the units digit of d?
8
Let r(i) = 3*i**2 + 3*i - 2 + 2*i**2 - i**3 + 2*i - 4*i. What is the units digit of r(3)?
9
Let q(n) = -4*n**2 - n. Let b be q(3). Let v = b + 66. Suppose -g - v = -4*g. What is the units digit of g?
9
Suppose -8*s = -3*s - 15. Suppose 4*y - 118 = -2*m, y + s*m = 25 - 3. What is the units digit of y?
1
Suppose 0 = -5*f - 5*v + 385, -4*v - 644 + 223 = -5*f. What is the units digit of f?
1
What is the units digit of 26 + -4 - 6/3?
0
Let u(a) = a**3 - a**2 - 6*a + 1. What is the units digit of u(4)?
5
Let j = 180 - -43. What is the tens digit of j?
2
Let d be (9/(-6))/(1/4). Let h(f) = f**2 + 4*f - 4. Let g be h(d). What is the tens digit of (-2)/8 - (-146)/g?
1
What is the tens digit of (7/(-14))/(1/(-318))?
5
Suppose 5*f - 4*f = 5*u - 14, -3*f - u = -6. Suppose 3 = -2*c - f. What is the units digit of (-1)/c*(-6 + 16)?
5
Let s(b) = b**3 + 5*b**2 - b - 2. Let x be s(-5). Suppose -5*i - 4*r - 7 = 0, i + 5*r + 4 = -10. Let j = i + x. What is the units digit of j?
4
Let j(x) = 2 - 2 + x - 2. Let b be j(6). Suppose -l + b + 0 = 0. What is the units digit of l?
4
Suppose -3*c - 17 = 5*o + 3, 4*c + 4*o + 16 = 0. Let p be (-2 - c)*-1 + -29. What is the units digit of (-6)/((p/6)/3)?
4
Let o = -1 - -12. What is the tens digit of o?
1
Suppose 4*f - 3*c - 8 = c, f = 5*c - 2. Suppose u = -3*k - 7, 0*k = -f*u - 5*k - 5. What is the units digit of u?
5
Let g(o) = -3*o - 1. Let q be g(1). What is the units digit of 16 - q - 2/1?
8
Let k(d) = 12*d - 13. Suppose l = 3*l - 10. What is the tens digit of k(l)?
4
Let o be -3 + 1 - (-28)/(-2). Let w be (-1002)/(-30) - (-2)/(-5). Let n = w + o. What is the tens digit of n?
1
Suppose -2*s = -3*l + 18, 4*l - 9*l = 4*s - 8. Suppose -i = 4*w - 231, 0 = -i + 5*i + 4. Suppose l*q - 14 = -o + q, q - w = -3*o. What is the tens digit of o?
2
Let y(f) = 6*f**2 - 2. Let l(n) = 6*n**2 - 3. Let b(a) = -2*l(a) + 3*y(a). Suppose s + 3 = 2. What is the units digit of b(s)?
6
What is the hundreds digit of 212 + 2 + 40/(-5)?
2
Let w = 3 - -1. Suppose 0 = -w*a - 8. What is the units digit of (-2 - (a + -1))*7?
7
Let v = 79 + 172. What is the units digit of v?
1
Let p = 28 - 8. Suppose -4*c = 40 + 16. Let j = c + p. What is the units digit of j?
6
Let c(j) = j**2 - 3*j - 5. Let g be c(5). Suppose -8 = -g*w - 38. Let s = -5 - w. What is the units digit of s?
1
Let l(c) = -3*c**3 + c**2. Suppose n = 2 - 3. Let g be l(n). Suppose d - 5*i = 20, -g*d + 2*i = -i - 46. What is the tens digit of d?
1
Let r(w) = -2*w - 4. Let c = 3 - 12. What is the tens digit of r(c)?
1
Suppose -18 = z + 5*o, 6*o - 4*o + 10 = z. Let x be (6/(-4))/(4/(-16)). Suppose -2*y = -x + z. What is the units digit of y?
2
What is 